 be s(-2). What is the units digit of p - (-1 + 2 - 2)?
4
Let o be 6 + -2 - -1*1. Let m = o + -2. Suppose -m*t - 2*g + 10 + 15 = 0, 4*g = 2*t - 6. What is the units digit of t?
7
Let y(x) = -x**3 - 4*x**2 - 6*x - 6. What is the units digit of y(-5)?
9
Let d = -4 - -7. Suppose 1 = d*b - 5. Suppose -u - 2*o = -9, 2*u - 3*o - 8 = -b*o. What is the units digit of u?
5
Let k = -3 - -5. Let m be (k + 1)*(-3 + 4). Suppose 10 = -r + m*r. What is the units digit of r?
5
Let v = -42 - -88. Suppose -2*w = -v + 10. Suppose -6 = m - w. What is the units digit of m?
2
Let q(l) = 6*l**2 - 3*l + 2. Let m be q(1). Suppose 0 = 2*x + 10, 3*p - x = 40 - m. What is the tens digit of p?
1
Suppose 3 = -q + 33. Let d = q - 20. What is the units digit of d?
0
Suppose 3 = -4*u + 15. What is the units digit of u?
3
Suppose -k + 2 = -4. What is the units digit of (k - 4)*(-1)/(-2)?
1
Suppose 3*m = 6*m + 4*z, 0 = -5*z. Suppose m = -2*g + 6*g - 48. What is the units digit of g?
2
Let b = 179 - -11. What is the tens digit of b?
9
Suppose 2*t + 3*n = t - 54, 0 = 4*t - 3*n + 156. Let c = t - -110. What is the tens digit of (-2 - -1)/((-4)/c)?
1
What is the units digit of -2 + (-34)/(-14) + 2528/14?
1
Let l(w) = w**3 + 7*w**2 - 4*w - 2. What is the tens digit of l(4)?
5
Let u be (1 + 0 + -1)/(-2). Suppose 4*t + 2*j - 47 - 75 = 0, u = 2*t + 4*j - 46. What is the tens digit of t?
3
Let c be 3 + -7 - -2 - -6. Suppose -75 = 5*n - 4*w, -c*w = w. What is the units digit of (-4)/8*(n + 1)?
7
Suppose n + 5 = 3*p + 2*p, 0 = 4*p - 3*n + 7. Suppose p*l = -l + 120. What is the units digit of l?
0
Suppose x = 2, -3*x + x = h + 18. What is the tens digit of 4/h - (-211)/11?
1
Suppose m = n - 6*n + 25, -4*n + 188 = 5*m. Suppose 0 = 4*r + r - m. Let y = r + -5. What is the units digit of y?
3
Suppose -9*i = 1609 - 4570. What is the tens digit of i?
2
Suppose 3*k - 14 = -4*z - 0*z, 6 = 5*z - 2*k. Suppose z*r = 3*r - 3. Suppose 6*i = r*i + 9. What is the units digit of i?
3
Let s be -3 + 3 + -1 + 7. Suppose u - s = -u. Suppose -z + c - 19 = -u*c, 5*z = -c + 10. What is the units digit of z?
1
Let n be 0/1 - (-1 - 2). Suppose 0 = n*g + 5*w + 13, 5*g = -2*w - w + 5. What is the units digit of g?
4
Suppose 8*x - 11*x + 834 = 0. What is the tens digit of x?
7
Suppose 21*o - 22*o = -75. What is the units digit of o?
5
Suppose -2*d - 4*f + 26 = -0*d, -2*f + 81 = 5*d. What is the tens digit of d?
1
Suppose -2*l = 4*s - 490 + 140, 0 = 4*s - 5*l - 357. What is the units digit of s?
8
Suppose -3*v + 0*v + 147 = -3*x, 4*v = 0. What is the units digit of ((-72)/14)/(7/x)?
6
Suppose 3*r = 6*x - 4*x - 81, 3*r - 153 = -4*x. What is the tens digit of x?
3
Suppose -6*f + 90 = -3*f. What is the units digit of f?
0
Suppose -4*n = 4, -4*v = -4*n + 3*n - 9. Suppose 2*u = -5*s + v*s, -8 = -2*s. What is the units digit of (-3)/u + (-3)/(-2)?
2
Let d be (0 + 1)/(-1) + 1. Let c be -1*(1 - -1) + d. What is the units digit of 3*(2 - c/(-2))?
3
Suppose 4*w + 102 - 550 = 0. What is the tens digit of w?
1
Suppose -6*x + x + 16 = 2*v, -4*x + 4*v - 4 = 0. What is the units digit of x?
2
Let b = -33 + 338. What is the hundreds digit of b?
3
Suppose -199 = -5*h + 101. Suppose 2*b - 7*b = -h. What is the units digit of b?
2
Let o be -2 + 3/(-3) - -1. Let b(j) = -2*j - 2. Let s be b(o). Suppose -a + 5 = s. What is the units digit of a?
3
Suppose -5*r - x = -90, 4*r + 2*x = -2*x + 88. What is the tens digit of -3*r/(-9)*3?
1
Suppose 3*y = -y. Suppose 0 = 2*m + 2*s, -2*m + 0*m + 5*s = y. Suppose m*a - 4*a = -40. What is the units digit of a?
0
Suppose 0 = 4*a + 98 - 270. Suppose z - a - 21 = -5*w, 5*w - 3*z = 68. Let s = -5 + w. What is the units digit of s?
8
Let q = -55 - -109. Let w = 105 - q. Let p = w + -35. What is the units digit of p?
6
Suppose l - 4*q = -14, 0 = -l - q + 2*q - 5. What is the units digit of 4 + l - (0 + -1)?
3
Suppose 3*m - 32 = -2*h + m, -3*h = 2*m - 53. Suppose 4*k = 0, 3*x + 2*k + 0*k = h. What is the units digit of x?
7
Suppose -m + 9 = 3*z - 4*m, 0 = -2*z - 4*m - 24. Let g = 8 + z. Let b = 10 - g. What is the units digit of b?
4
Let x(s) = -s**2 - 8*s - 5. Let v be x(-7). Suppose -w + k + 6 = 1, -5*w = 4*k + v. What is the units digit of w?
2
Suppose 4*u + v = 5*v - 32, 4*u + 4*v = 0. Let c = 5 + u. What is the units digit of c?
1
Suppose 0 = 4*m + 2*t - 52, -m + t = m - 22. Suppose 3*v = -m, -2*i + 6 = -0*i - v. What is the units digit of i?
1
Suppose 0 = -4*z + z + 21. Suppose -4*j + z*j - 30 = 0. What is the tens digit of j?
1
Let q be (-2)/(-10) + 112/(-10). What is the units digit of (q/4)/(7/(-28))?
1
Let c(g) = -3*g + 6. What is the units digit of c(-10)?
6
Let q(p) be the second derivative of -p + 7/6*p**3 - 1/12*p**4 - 3*p**2 + 0. What is the units digit of q(4)?
6
Suppose -4*j = -2*y, -2*j = 4*y + 2*j. Suppose -p = -3*t - y*p + 7, p + 3 = t. What is the units digit of t?
2
Suppose 2*n + 4*y - 66 - 174 = 0, 5*y + 249 = 2*n. What is the hundreds digit of n?
1
Let n(p) = -20*p**3 + 2*p**2 + p - 5. What is the tens digit of n(-2)?
6
Suppose -44 = -2*u - 2*u. Let t = 13 - u. What is the units digit of t?
2
Let b = 18 - 14. Suppose -6 = -b*u + 22. What is the units digit of u?
7
Let d(u) = 6*u**2 - u + 10. What is the units digit of d(-4)?
0
Suppose w - 382 = -3*w - d, -3*d = 4*w - 386. What is the units digit of w?
5
Suppose 3*c = y + 64, -c - 2 = -0*c - 5*y. What is the tens digit of c?
2
Let z(u) = -u**2 + 7*u - 4*u - 4 + 7*u. Let c be z(9). Suppose 3 = -c*y + 48. What is the units digit of y?
9
Suppose -19 = -2*c + 15. What is the tens digit of c?
1
Suppose -6 + 15 = 3*d. Suppose -d*g + 348 = 3*g. What is the tens digit of g?
5
Suppose 0 = -3*d + 5*d - 4. Suppose d*b = p + 59, -2*p + 0 - 2 = 0. Let n = b - 21. What is the units digit of n?
8
Suppose 0 = -4*c - 0*c + 60. Suppose 0 = -7*l + 4*l + c. Suppose 5*n - 23 = -2*d + 9, 2*d = l*n - 28. What is the units digit of n?
6
Suppose -2*o = -4*w + 2*o + 192, -4*o = 2*w - 84. Let n = 68 - w. What is the tens digit of n?
2
Suppose 4*y = -0*y - 20, 3*y = 2*h - 15. Suppose 0*z - 4*z + 56 = h. What is the units digit of z?
4
Let k be -1 + (1 - -4) + 0. Let p = 3 + k. Let t = p - 4. What is the units digit of t?
3
Let k be 4*((-6)/4)/(-3). Suppose 0*m + k*m - 18 = 0. Suppose q - 2*q + m = 0. What is the units digit of q?
9
Suppose -20 = -3*q + 5*d + 64, 0 = 4*q - d - 129. Suppose -p + q = 2*p. What is the tens digit of p?
1
Let b = 19 - -35. Let m = b - 38. What is the tens digit of m?
1
Let m(f) = f**3 + 10*f**2 + 6*f + 11. What is the units digit of m(-9)?
8
Suppose -5 = z, -z = 6*v - 4*v - 409. What is the units digit of v?
7
Let d(b) be the third derivative of -b**5/60 + b**4/3 + 5*b**3/6 + b**2. What is the units digit of d(7)?
2
Suppose 17 = -2*d - 1. Let t = d + 4. Let w = t + 10. What is the units digit of w?
5
Suppose 5*b + 0*b + 3*m = 5, -35 = -5*b + 3*m. Let q = -8 + 13. Let f = q + b. What is the units digit of f?
9
Let m = 133 + -42. What is the units digit of m?
1
Let m(c) = -c**3 - 8*c**2 - 9*c - 4. Suppose x - 27 = 6*x - 4*t, -2*x = 5*t + 24. What is the tens digit of m(x)?
1
Let d(z) = -4*z - 10. Let t = -31 - -20. What is the tens digit of d(t)?
3
Let n = 11 + 142. What is the tens digit of n?
5
Suppose -5 = -2*f - 3*f. Let a be (f - 3)/(7/(-14)). Let y = 4 + a. What is the units digit of y?
8
Suppose -8*b - 30 = -10*b. What is the tens digit of b?
1
Suppose -2*k + 28 = -5*a, -5*k - 4*a - 11 = -48. What is the units digit of k?
9
Let f(w) be the third derivative of w**5/20 - w**4/24 + 2*w**2. Let q be f(1). Suppose 3*v - 18 = 5*n, 2*n + 17 = 5*v - q*n. What is the units digit of v?
1
Suppose 0*g - 4*g = -12, -4*c = 4*g - 28. Suppose -4 = c*t - 32. What is the units digit of t*1 - (7 - 10)?
0
Suppose -3*i = -2*c - 120, 0 = -3*c - 0*c. What is the tens digit of i?
4
What is the hundreds digit of ((-40)/(-20))/((-2)/(-151))?
1
Let u = -2 + 0. What is the units digit of u/((6/(-10))/3)?
0
Let h(f) = -f**3 - 2*f**2 + 2. Let w be h(-2). Let v be -2 - (-62 - w)/2. Suppose -s + 4*s - v = 0. What is the units digit of s?
0
Let t be ((-12)/8)/((-3)/2). What is the units digit of 58 - (1 - (t - 3))?
5
Suppose 2*w + 12 - 48 = 0. What is the units digit of w?
8
Let f(v) = 8*v**2 - 1. Let h(w) = -w + 10. Let j be h(9). What is the units digit o